0737 = 5*l, -23115 = -5*q - 2*l + 30501. What is the thousands digit of q?
0
Let i = 256 - 165. Suppose -k + i = 5*s + 4, 0 = 3*k - s - 325. What is the tens digit of k?
0
Suppose -c + 5 - 3 = h, 3*h = -c + 10. Suppose -2*k + 3462 = h*w, 3*w + 5*k + 0*k - 2614 = 0. What is the units digit of w?
3
Let x(l) be the first derivative of -38*l**2 - l + 97. What is the hundreds digit of x(-8)?
6
Suppose -117*v = -1247490 - 2120823. What is the ten thousands digit of v?
2
Suppose 2*j = 5*a - 1032, 5*a + 2*j - 1026 = 3*j. What is the tens digit of a?
0
Suppose -320*p + 2300118 + 6858004 = -705558. What is the thousands digit of p?
0
Let i = -31 - -67. Let a = -6491 - -6482. What is the units digit of (-215)/(-4) - a/i?
4
Let z = 28344 + -4285. What is the thousands digit of z?
4
Suppose 26442 + 10022 = 8*v. What is the thousands digit of v?
4
Let s = 8161 - 5294. What is the tens digit of s?
6
Let c = -36 + 21. Let f be (-1 - -1)/(-16 - c). Suppose -b - 3*i - 12 = f, -b - 2*i + 13 = -4*i. What is the units digit of b?
3
Let v = 3255 + -2142. Let y = v - 579. What is the units digit of y?
4
Let s(i) = -8*i**2 + 5*i + 38. Let g(c) = 7*c**2 - 6*c - 37. Let t(a) = -7*g(a) - 6*s(a). Let n be t(14). Suppose n*d - 29 = 55. What is the units digit of d?
8
Let a(i) = 411*i**2 - 25*i - 166. What is the units digit of a(-6)?
0
Suppose 0 = o - 5*q - 1732, -q + 3*q - 8 = 0. Suppose -995 = -3*x + 2*r + 751, -o = -3*x + 4*r. What is the tens digit of x?
8
Let b = -827 - -3594. What is the tens digit of b?
6
Let j(m) = -32*m**3 + 29*m**2 - 45*m - 256. What is the ten thousands digit of j(-13)?
7
Let l(g) = -g**3 + 61*g**2 + 6*g + 10. What is the thousands digit of l(59)?
7
Let j(u) = 8*u - 34. Let f(w) = 7*w - 35. Let k(q) = -6*f(q) + 5*j(q). Let o be k(15). What is the tens digit of 16*o + (3 - -1)?
6
Suppose 13*r = 7*r + 18. Suppose 0*d + d = r*d. Suppose 5*t - 5*i - 130 = 0, 0 = 5*t + 3*i - d*i - 146. What is the units digit of t?
8
Suppose -14*j + 9*j + 25 = 0. Suppose -27 + 57 = j*h. What is the units digit of -186*(-3)/h + (-6)/2?
0
Let l(k) = -5*k**2 - 5*k + 4 - 4*k - 4*k + k**3. Suppose 1245*j - 1256*j + 77 = 0. What is the tens digit of l(j)?
1
What is the thousands digit of (-41652)/(-15) + (-23)/(-115)?
2
Let w(v) = 139*v**3 - v + 2. Let z be w(1). Suppose -2*o - 126 = 5*l + z, -2*l + o = 101. Let r = 76 + l. What is the units digit of r?
4
Let u(c) = -61*c - 31. Suppose 55 = -2*j - 3*j. Let s be u(j). Suppose 6*w = w - 5*x + 1060, 3*w + 5*x = s. What is the units digit of w?
0
Suppose -34 - 596 = 9*r. What is the units digit of -2 + r/(-25) + 356/5?
2
Suppose -2073*a + 779383 = -2050*a - 340004. What is the hundreds digit of a?
6
Let x = 3054 + -2364. What is the units digit of x?
0
Let o(x) = -390*x**3 + 3*x**2 + 78*x + 312. What is the tens digit of o(-4)?
0
Let y = -52 - -54. Let w be (107/y)/((-46)/12 - -4). Suppose 375 = -x + 6*x + s, 4*x + 5*s = w. What is the tens digit of x?
7
Suppose 43*h = 16*h + 21*h + 126. Let c be ((-4)/(-6))/((-1)/(-3)). What is the tens digit of c/(-12)*-33*(1 + h)?
2
Suppose h + 2*i - 2 = 0, -2*h + 19 = 2*i - 3*i. Let n be (-6)/h*(-40 + -8). Let c = -4 + n. What is the tens digit of c?
3
Suppose 5*n - 3827 = 4748. What is the hundreds digit of n?
7
Let j(b) = 12*b**2 - b + 2. Let d be j(-6). Let g be (15 + (-84)/8)*40/18. Suppose -d = 5*q - g*q. What is the tens digit of q?
8
Suppose -x + 1092 - 351 = 0. Suppose 988 = 4*p + 5*q, q = p + 2*p - x. What is the tens digit of p?
4
Let r be -11 - ((1 - 2) + 0). What is the tens digit of (-24)/r*(-6660)/(-24)?
6
Let k(w) = 6*w**3 + 21*w**2 - 7*w - 50. Let m(n) = 5*n**3 + 20*n**2 - 5*n - 50. Let t(x) = -6*k(x) + 7*m(x). What is the hundreds digit of t(13)?
2
Suppose 5*y + 15 = -2*t, 7*t + 11 = 4*y + 4*t. Let x be (-1028)/(-2) - y - 0. Suppose -354 = -3*c + 4*s, -4*c = -2*s + 43 - x. What is the hundreds digit of c?
1
Let a = -1923 - -3794. What is the hundreds digit of a?
8
Suppose 80*m = 87*m - 700. Let d = 1020 + m. What is the units digit of d?
0
Suppose 30 = 5*d, -3*d - 668 = -2*c + 9210. What is the units digit of c?
8
Let d = 47 - 15. Let y(h) = 51*h - 198. Let r be y(5). Let s = d + r. What is the units digit of s?
9
Let n be (4/(-2) - -5) + 38. Let f = n - 39. Suppose 4*x - 170 = f*d, 3*d - d + 6 = 0. What is the units digit of x?
1
Let d(m) be the first derivative of -51*m**4/4 - m**3/3 - 2*m**2 - 2*m + 33. Let z be d(-1). What is the tens digit of z/338 - (-661)/13?
5
Let j = 23480 - -27172. What is the thousands digit of j?
0
Let k be (-92)/322 + 0 + (-19294)/(-7). Suppose 0 = -x + 5*i + 704, 4*x = -0*x + 5*i + k. What is the units digit of x?
4
Suppose -2*u + 4*i - 1985 + 9167 = 0, -2*u = -3*i - 7185. Suppose -u = -18*v + 2145. What is the hundreds digit of v?
3
Let d = -2691 - -8984. What is the thousands digit of d?
6
Let k = 32971 - 3269. What is the tens digit of k?
0
Let t = 15884 + -9476. What is the thousands digit of t?
6
Suppose 0 = -5*a + 2*w + 69959, 15940 = -2*a + 2*w + 43920. What is the units digit of a?
3
Suppose 3*h - z - 99 = 0, -36 = -h + 3*z + 5. Let f = 52 - 111. Let o = h - f. What is the tens digit of o?
9
Let v(w) = w. Let s(l) = -30*l - 46. Let h(p) = s(p) - 5*v(p). What is the units digit of h(-22)?
4
Let d = -177 + 281. What is the units digit of ((-4332)/d + (-2)/(-13))*-4?
6
Let t = 177 - 166. Suppose -5*q - 2*s + 397 = 0, -q + 2*q - 85 = s. Suppose -10*i - q = -t*i. What is the units digit of i?
1
Let p be ((-20)/7 - -4)/((-10)/(-35)). Suppose 0 = 2*b + 3*z - 133 - 1201, p*b = -5*z + 2666. What is the tens digit of b?
6
What is the thousands digit of 9816/(-10)*(-75)/45?
1
Suppose 32*j - 42*j = -7490. Let a = j + -109. What is the hundreds digit of a?
6
Suppose -4*a = -3*m + 62566, 16*m - 3*a + 104325 = 21*m. What is the ten thousands digit of m?
2
Suppose 13205 = -2*i + 12*i - 5095. What is the thousands digit of i?
1
Let f(b) = b + 18. Let v(c) = c + 35. Let z(o) = -13*f(o) + 6*v(o). Let n be z(-4). Suppose -n = 4*j, 2*j + 171 = 4*r - j. What is the units digit of r?
2
Let q(y) = 15*y**2 - 5*y - 20. Let t be q(6). Suppose 4*g + t = 2*x + 2*g, 4*g - 8 = 0. What is the units digit of x?
7
Let s(t) = -17*t + 171. Let a be s(10). What is the units digit of 673 + 4 + -2 + (a - -1)?
7
Let k(a) be the first derivative of -5*a**2/2 - 63*a - 44. What is the tens digit of k(-20)?
3
Suppose 2*u - 2*b - 32864 = 0, 0 = 3*u + b - 25330 - 23946. What is the ten thousands digit of u?
1
Suppose 0 = -2*a - 4*j + 76, a = -0*a - 4*j + 46. Suppose -r + 4 = -3*w - a, 0 = r - 2*w - 31. Let m = r - -12. What is the units digit of m?
7
What is the hundreds digit of (-1 - 850740/(-14)) + -12*(-20)/(-1680)?
7
Let v be -10 + 4*4/(-8). Let m be ((-5)/(-2))/((-5)/v). What is the units digit of 219/m + 2/4?
7
Let s = 73499 - 39292. What is the tens digit of s?
0
Let t be (-1)/2 + 2980/8. Suppose 3*o = 7*o - t. What is the units digit of o?
3
Let l(u) = -u**3 + 48*u**2 - 50*u + 2541. What is the ten thousands digit of l(40)?
1
Let a = -5 - -10. Let d be a + -8 + 5 - 0/(-1). Suppose -9 = -d*w + 13. What is the units digit of w?
1
Suppose -3*f - f = -5*f + 4800. What is the hundreds digit of f?
8
Let i(l) = 783*l - 2197. What is the tens digit of i(15)?
4
Let s(v) = -1 + 14*v**2 - v + 35*v**2 + 3*v - 5*v**2. Let y be s(1). What is the units digit of 5/(100/y)*16?
6
Let m = 2153 + 649. What is the hundreds digit of m?
8
Let v be 45353/(-7) + (0 - -1). Let k be v/10 - -2 - 14/70. Let w = -380 - k. What is the units digit of w?
6
Let y be 22495/6 - (-12)/(-72). Let v = y + -2414. What is the units digit of v?
5
Let s = 209 - 204. Suppose 3*p - 8*z - 552 = -3*z, s*z - 368 = -2*p. What is the tens digit of p?
8
Let d(n) = n**3 + 22*n**2 - 10*n + 33. Let b be d(-22). What is the hundreds digit of b - (-1)/(-4)*-4?
2
Let c(t) = -7*t**3 + 28*t**2 + 17*t + 2. Let w(d) = d**3 - d**2 - d. Let f(u) = -c(u) - 6*w(u). What is the tens digit of f(23)?
7
Suppose -2*u = 2, 34*k - 38*k = -u - 1. Suppose k*n - a - 565 = -3*n, -5*a - 207 = -n. What is the units digit of n?
7
Let j be 5/((24 - 25)*1/(-3)). Let m = -126 - 52. What is the units digit of 3/j - m/10?
8
Suppose 2*s = -5*m + 2*m + 67, -s + 121 = 5*m. Let x = -476 - -426. Let t = m - x. What is the tens digit of t?
7
Suppose -20